se 4
2010330
Convert 231320 (base 5) to base 2.
10000010001111
49e (base 15) to base 16
419
What is 32003 (base 4) in base 9?
1208
-1562 (base 7) to base 2
-1001111000
1641 (base 10) to base 5
23031
-10311110 (base 4) to base 7
-111500
Convert 96ee (base 16) to base 3.
1222000001
Convert 2077 (base 10) to base 13.
c3a
What is e58 (base 16) in base 13?
1896
-32 (base 4) to base 3
-112
What is 7975 (base 10) in base 12?
4747
Convert -6375 (base 9) to base 8.
-11115
What is -131 (base 9) in base 4?
-1231
-161 (base 12) to base 3
-22001
Convert -7824 (base 9) to base 6.
-42421
What is -3111400 (base 5) in base 12?
-25516
What is -4751 (base 10) in base 8?
-11217
What is -221103 (base 4) in base 7?
-10464
What is 2120113 (base 5) in base 2?
1000101101001010
2740 (base 8) to base 10
1504
What is -124a (base 15) in base 10?
-3895
What is 1744 (base 13) in base 4?
311230
Convert -4539 (base 10) to base 6.
-33003
-10641 (base 12) to base 10
-21649
23401 (base 5) to base 10
1726
Convert -2 (base 10) to base 13.
-2
Convert a30 (base 15) to base 16.
8f7
Convert 161 (base 9) to base 8.
210
256140 (base 7) to base 10
47754
Convert -561 (base 8) to base 11.
-306
-25 (base 16) to base 12
-31
43012 (base 6) to base 5
141330
Convert -10685 (base 13) to base 11.
-20336
What is 607a (base 15) in base 6?
234141
5364 (base 7) to base 12
1130
17137 (base 8) to base 4
1321133
-101210 (base 3) to base 9
-353
357 (base 8) to base 10
239
Convert -68b (base 15) to base 12.
-a35
What is 325 (base 15) in base 13?
428
304445 (base 6) to base 2
101111100101101
What is -30202 (base 4) in base 12?
-56a
-384 (base 12) to base 6
-2244
-806 (base 12) to base 6
-5210
What is 41101 (base 5) in base 13?
128c
-9858 (base 15) to base 16
-7e02
Convert -3233233 (base 4) to base 13.
-6ca3
Convert -1001110101 (base 2) to base 10.
-629
-143030 (base 5) to base 11
-4579
What is 110063 (base 9) in base 13?
23b74
Convert 4030 (base 6) to base 9.
1180
-d09 (base 14) to base 10
-2557
What is 14662 (base 10) in base 3?
202010001
What is 1021122002 (base 3) in base 9?
37562
-30030 (base 4) to base 9
-1056
-130 (base 16) to base 13
-1a5
47c4 (base 14) to base 2
11000011101000
What is 895 (base 10) in base 4?
31333
1110001111011010 (base 2) to base 11
3a908
Convert 13003323 (base 4) to base 11.
1a804
Convert 7483 (base 10) to base 7.
30550
Convert -16210 (base 9) to base 14.
-4094
Convert 7b8d (base 16) to base 14.
b753
What is 11006 (base 9) in base 6?
53440
What is -7895 (base 11) in base 14?
-3b01
Convert 3ac9 (base 15) to base 13.
5946
Convert -11011011101111 (base 2) to base 5.
-422223
What is 14123 (base 8) in base 4?
1201103
Convert -4354 (base 9) to base 5.
-100313
Convert 602 (base 7) to base 3.
101222
2324214 (base 5) to base 8
122702
What is -5954 (base 13) in base 3?
-122020202
Convert 4a289 (base 11) to base 7.
420351
Convert 13213010 (base 4) to base 15.
9382
Convert 3519 (base 13) to base 6.
54310
What is 1056 (base 14) in base 6?
21020
What is 10a (base 16) in base 7?
530
What is -10622 (base 9) in base 15?
-2162
Convert -1000000 (base 2) to base 16.
-40
112 (base 7) to base 13
46
What is -22006 (base 7) in base 6?
-41234
-2173 (base 12) to base 3
-12001120
What is 69a (base 13) in base 14?
5b7
What is -b151 (base 12) in base 8?
-45415
31a (base 16) to base 2
1100011010
What is 1144 (base 6) in base 13?
187
13031000 (base 4) to base 13
10577
What is -10563 (base 8) in base 15?
-14cc
What is 493 (base 13) in base 16?
31c
Convert -86da (base 14) to base 16.
-5b18
-2232003 (base 4) to base 5
-324024
-2114 (base 6) to base 12
-33a
What is -1000 (base 2) in base 16?
-8
Convert 1273 (base 9) to base 15.
43c
Convert -2624 (base 7) to base 15.
-468
Convert 1a5a9 (base 12) to base 3.
1222022110
What is -234212 (base 5) in base 3?
-102220120
221001 (base 4) to base 3
10121020
What is -51573 (base 9) in base 16?
-84d5
5a (base 14) to base 15
55
What is 1110011001101 (base 2) in base 14?
2989
What is 140 (base 16) in base 9?
385
What is -1120 (base 6) in base 2?
-100001000
What is -225 (base 14) in base 10?
-425
Convert -132b1 (base 13) to base 5.
-2120014
What is -4a51 (base 12) in base 7?
-33346
406 (base 9) to base 4
11022
Convert -1003103 (base 4) to base 8.
-10323
Convert -43513 (base 10) to base 14.
-11c01
Convert 1021 (base 7) to base 15.
18d
What is 12567 (base 11) in base 7?
103265
Convert -2953 (base 10) to base 8.
-5611
What is -1603 (base 8) in base 14?
-483
-11162 (base 7) to base 8
-5425
16134 (base 10) to base 11
11138
What is 103435 (base 6) in base 12?
4b7b
Convert 2344 (base 7) to base 10.
865
-2040232 (base 5) to base 15
-a047
Convert -ba00 (base 13) to base 3.
-1022110200
Convert -133e (base 16) to base 10.
-4926
Convert 15a97 (base 14) to base 6.
1055021
Convert -4366 (base 12) to base 10.
-7422
What is -11332 (base 4) in base 3?
-112011
Convert -3321 (base 5) to base 10.
-461
Convert 100143 (base 5) to base 4.
301211
-53 (base 6) to base 15
-23
Convert -1543 (base 8) to base 6.
-4003
Convert 21344 (base 11) to base 9.
46501
What is -11ac (base 16) in base 3?
-20012120
-75a (base 14) to base 12
-a10
12751 (base 10) to base 7
52114
Convert -710 (base 9) to base 5.
-4301
18b (base 16) to base 13
245
Convert 464b (base 15) to base 13.
6a3a
What is -121202 (base 3) in base 7?
-1214
Convert -2394 (base 12) to base 8.
-7640
Convert 675 (base 8) to base 2.
110111101
Convert 151 (base 8) to base 9.
126
Convert -3643 (base 15) to base 6.
-125230
What is 34533 (base 7) in base 13?
4044
Convert -91 (base 11) to base 13.
-79
Convert -24211 (base 6) to base 7.
-13210
-38 (base 14) to base 8
-62
Convert 28cb (base 16) to base 2.
10100011001011
-1021201 (base 3) to base 7
-2506
Convert -6400 (base 7) to base 2.
-100011001110
Convert 29654 (base 11) to base 2.
1010010000111110
Convert -2de (base 15) to base 5.
-10114
-297 (base 11) to base 13
-20a
11341 (base 7) to base 16
b68
Convert 28283 (base 11) to base 10.
40263
-4324012 (base 5) to base 12
-36740
What is 11100011110 (base 2) in base 7?
5212
Convert -488 (base 11) to base 4.
-21010
Convert -100010011110101 (base 2) to base 5.
-1031103
What is -79 (base 12) in base 7?
-162
What is -168 (base 11) in base 13?
-120
Convert -131151 (base 8) to base 11.
-31351
-18002 (base 12) to base 6
-424002
Convert 295 (base 11) to base 13.
208
What is 4670 (base 10) in base 14?
19b8
28c (base 15) to base 10
582
Convert -642 (base 12) to base 5.
-12124
-118a (base 13) to base 9
-3355
What is 5328 (base 13) in base 4?
2310012
Convert -1b25 (base 13) to base 12.
-2447
Convert 3502 (base 6) to base 11.
695
Convert 832 (base 9) to base 5.
10202
What is -48 (base 10) in base 6?
-120
What is 100100110 (base 2) in base 10?
294
What is -2008 (base 12) in base 8?
-6610
3124211 (base 5) to base 13
1a771
What is -17703 (base 8) in base 10?
-8131
Convert -443 (base 10) to base 16.
-1bb
What is -6fb (base 16) in base 4?
-123323
-100001000101 (base 2) to base 9
-2812
Convert 12051 (base 11) to base 13.
7b94
What is 110011011 (base 2) in base 10?
411
-11773 (base 9) to base 4
-1323303
Convert 142 (base 8) to base 9.
118
-8596 (base 11) to base 6
-124330
What is 1212110 (base 3) in base 15?
60c
Convert -19c (base 14) to base 9.
-411
What is 3161 (base 13) in base 14?
26c7
Convert -3610 (base 11) to base 10.
-4730
Convert d9 (base 14) to base 5.
1231
Convert -39295 (base 10) to base 2.
-1001100101111111
Convert 657 (base 11) to base 10.
788
What is 322 (base 11) in base 15?
1ac
Convert -20011122 (base 3) to base 7.
-16055
What is 212b (base 12) in base 15?
1125
Convert -10012300 (base 4) to base 9.
-25054
Convert 22403 (base 7) to base 13.
2786
Convert 951b (base 12) to base 5.
1010140
Convert 2120344 (base 5) to base 3.
1211000010
Convert -15c (base 13) to base 7.
-501
101525 (base 7) to base 14
64bc
6843 (base 10) to base 2
1101010111011
-112121 (base 3) to base 11
-329
-201122022 (base 3) to base 2
-11011111101110
2c5b (base 13) to base 16
1962
-14680 (base 9) to base 12
-5983
2dcc (base 14) to base 11
619a
131120 (base 4) to base 10
1880
What is 302111 (base 4) in base 7?
12251
Convert -33433 (base 6) to base 7.
-16464
23614 (base 7) to base 5
144021
330 (base 11) to base 6
1500
What is 24a9 (base 16) in base 8?
22251
-2375 (base 10) to base 4
-211013
What is 